{"id":338,"date":"2017-09-04T20:51:57","date_gmt":"2017-09-04T20:51:57","guid":{"rendered":"http:\/\/vivanatureza.com.br\/?page_id=338"},"modified":"2020-01-21T16:57:14","modified_gmt":"2020-01-21T16:57:14","slug":"farinha-de-semente-de-abobora","status":"publish","type":"page","link":"https:\/\/vivanatureza.com.br\/?page_id=338","title":{"rendered":"Farinha de Semente de Ab\u00f3bora"},"content":{"rendered":"\n<figure class=\"wp-block-image is-resized\"><img loading=\"lazy\" src=\"https:\/\/vivanatureza.com.br\/wp-content\/uploads\/2020\/01\/Farinha-da-Semente-de-Ab\u00f3bora-100g-1-863x1024.png\" alt=\"\" class=\"wp-image-1118\" width=\"425\" height=\"504\" srcset=\"https:\/\/vivanatureza.com.br\/wp-content\/uploads\/2020\/01\/Farinha-da-Semente-de-Ab\u00f3bora-100g-1-863x1024.png 863w, https:\/\/vivanatureza.com.br\/wp-content\/uploads\/2020\/01\/Farinha-da-Semente-de-Ab\u00f3bora-100g-1-253x300.png 253w, https:\/\/vivanatureza.com.br\/wp-content\/uploads\/2020\/01\/Farinha-da-Semente-de-Ab\u00f3bora-100g-1-768x912.png 768w, https:\/\/vivanatureza.com.br\/wp-content\/uploads\/2020\/01\/Farinha-da-Semente-de-Ab\u00f3bora-100g-1.png 1010w\" sizes=\"(max-width: 425px) 100vw, 425px\" \/><\/figure>\n\n\n<p>100g<\/p>\n<p>Cont\u00e9m de 44 a 50% de fra\u00e7\u00e3o oleosa (rica em \u00e1cidos graxos mono e poli-insaturados), elevado teor de fibras (23-27%) em rela\u00e7\u00e3o \u00e0s demais sementes, albuminas (prote\u00ednas \u2013 37-40%), a cucurbitacina (propriedade anti-inflamat\u00f3ria, principalmente nas doen\u00e7as da pr\u00f3stata e do sistema urin\u00e1rio), sais minerais, especialmente zinco, magn\u00e9sio e pot\u00e1ssio, vitaminas do complexo B e sais do \u00e1cido f\u00f3lico (folatos).<\/p>","protected":false},"excerpt":{"rendered":"<p>100g Cont\u00e9m de 44 a 50% de fra\u00e7\u00e3o oleosa (rica em \u00e1cidos graxos mono e poli-insaturados), elevado teor de fibras (23-27%) em rela\u00e7\u00e3o \u00e0s demais sementes, albuminas (prote\u00ednas \u2013 37-40%), a cucurbitacina (propriedade anti-inflamat\u00f3ria, principalmente nas doen\u00e7as da pr\u00f3stata e [&hellip;]<\/p>\n","protected":false},"author":1,"featured_media":0,"parent":0,"menu_order":0,"comment_status":"closed","ping_status":"closed","template":"","meta":[],"yoast_head":"<!-- This site is optimized with the Yoast SEO plugin v19.6.1 - https:\/\/yoast.com\/wordpress\/plugins\/seo\/ -->\n<title>Farinha de Semente de Ab\u00f3bora - Viva Natureza Alimentos Naturais<\/title>\n<meta name=\"robots\" content=\"index, follow, max-snippet:-1, max-image-preview:large, max-video-preview:-1\" \/>\n<link rel=\"canonical\" href=\"https:\/\/vivanatureza.com.br\/?page_id=338\" \/>\n<meta property=\"og:locale\" content=\"pt_BR\" \/>\n<meta property=\"og:type\" content=\"article\" \/>\n<meta property=\"og:title\" content=\"Farinha de Semente de Ab\u00f3bora - Viva Natureza Alimentos Naturais\" \/>\n<meta property=\"og:description\" content=\"100g Cont\u00e9m de 44 a 50% de fra\u00e7\u00e3o oleosa (rica em \u00e1cidos graxos mono e poli-insaturados), elevado teor de fibras (23-27%) em rela\u00e7\u00e3o \u00e0s demais sementes, albuminas (prote\u00ednas \u2013 37-40%), a cucurbitacina (propriedade anti-inflamat\u00f3ria, principalmente nas doen\u00e7as da pr\u00f3stata e [&hellip;]\" \/>\n<meta property=\"og:url\" content=\"https:\/\/vivanatureza.com.br\/?page_id=338\" \/>\n<meta property=\"og:site_name\" content=\"Viva Natureza Alimentos Naturais\" \/>\n<meta property=\"article:modified_time\" content=\"2020-01-21T16:57:14+00:00\" \/>\n<meta name=\"twitter:card\" content=\"summary_large_image\" \/>\n<script type=\"application\/ld+json\" class=\"yoast-schema-graph\">{\"@context\":\"https:\/\/schema.org\",\"@graph\":[{\"@type\":\"WebPage\",\"@id\":\"https:\/\/vivanatureza.com.br\/?page_id=338\",\"url\":\"https:\/\/vivanatureza.com.br\/?page_id=338\",\"name\":\"Farinha de Semente de Ab\u00f3bora - Viva Natureza Alimentos Naturais\",\"isPartOf\":{\"@id\":\"https:\/\/vivanatureza.com.br\/#website\"},\"datePublished\":\"2017-09-04T20:51:57+00:00\",\"dateModified\":\"2020-01-21T16:57:14+00:00\",\"breadcrumb\":{\"@id\":\"https:\/\/vivanatureza.com.br\/?page_id=338#breadcrumb\"},\"inLanguage\":\"pt-BR\",\"potentialAction\":[{\"@type\":\"ReadAction\",\"target\":[\"https:\/\/vivanatureza.com.br\/?page_id=338\"]}]},{\"@type\":\"BreadcrumbList\",\"@id\":\"https:\/\/vivanatureza.com.br\/?page_id=338#breadcrumb\",\"itemListElement\":[{\"@type\":\"ListItem\",\"position\":1,\"name\":\"In\u00edcio\",\"item\":\"https:\/\/vivanatureza.com.br\/\"},{\"@type\":\"ListItem\",\"position\":2,\"name\":\"Farinha de Semente de Ab\u00f3bora\"}]},{\"@type\":\"WebSite\",\"@id\":\"https:\/\/vivanatureza.com.br\/#website\",\"url\":\"https:\/\/vivanatureza.com.br\/\",\"name\":\"Viva Natureza Alimentos Naturais\",\"description\":\"Natureza e sa\u00fade em sua vida!\",\"publisher\":{\"@id\":\"https:\/\/vivanatureza.com.br\/#organization\"},\"potentialAction\":[{\"@type\":\"SearchAction\",\"target\":{\"@type\":\"EntryPoint\",\"urlTemplate\":\"https:\/\/vivanatureza.com.br\/?s={search_term_string}\"},\"query-input\":\"required name=search_term_string\"}],\"inLanguage\":\"pt-BR\"},{\"@type\":\"Organization\",\"@id\":\"https:\/\/vivanatureza.com.br\/#organization\",\"name\":\"Viva Natureza Alimentos Naturais\",\"url\":\"https:\/\/vivanatureza.com.br\/\",\"sameAs\":[],\"logo\":{\"@type\":\"ImageObject\",\"inLanguage\":\"pt-BR\",\"@id\":\"https:\/\/vivanatureza.com.br\/#\/schema\/logo\/image\/\",\"url\":\"https:\/\/vivanatureza.com.br\/wp-content\/uploads\/2017\/08\/logo_cab4.png\",\"contentUrl\":\"https:\/\/vivanatureza.com.br\/wp-content\/uploads\/2017\/08\/logo_cab4.png\",\"width\":150,\"height\":60,\"caption\":\"Viva Natureza Alimentos Naturais\"},\"image\":{\"@id\":\"https:\/\/vivanatureza.com.br\/#\/schema\/logo\/image\/\"}}]}<\/script>\n<!-- \/ Yoast SEO plugin. -->","yoast_head_json":{"title":"Farinha de Semente de Ab\u00f3bora - Viva Natureza Alimentos Naturais","robots":{"index":"index","follow":"follow","max-snippet":"max-snippet:-1","max-image-preview":"max-image-preview:large","max-video-preview":"max-video-preview:-1"},"canonical":"https:\/\/vivanatureza.com.br\/?page_id=338","og_locale":"pt_BR","og_type":"article","og_title":"Farinha de Semente de Ab\u00f3bora - Viva Natureza Alimentos Naturais","og_description":"100g Cont\u00e9m de 44 a 50% de fra\u00e7\u00e3o oleosa (rica em \u00e1cidos graxos mono e poli-insaturados), elevado teor de fibras (23-27%) em rela\u00e7\u00e3o \u00e0s demais sementes, albuminas (prote\u00ednas \u2013 37-40%), a cucurbitacina (propriedade anti-inflamat\u00f3ria, principalmente nas doen\u00e7as da pr\u00f3stata e [&hellip;]","og_url":"https:\/\/vivanatureza.com.br\/?page_id=338","og_site_name":"Viva Natureza Alimentos Naturais","article_modified_time":"2020-01-21T16:57:14+00:00","twitter_card":"summary_large_image","schema":{"@context":"https:\/\/schema.org","@graph":[{"@type":"WebPage","@id":"https:\/\/vivanatureza.com.br\/?page_id=338","url":"https:\/\/vivanatureza.com.br\/?page_id=338","name":"Farinha de Semente de Ab\u00f3bora - Viva Natureza Alimentos Naturais","isPartOf":{"@id":"https:\/\/vivanatureza.com.br\/#website"},"datePublished":"2017-09-04T20:51:57+00:00","dateModified":"2020-01-21T16:57:14+00:00","breadcrumb":{"@id":"https:\/\/vivanatureza.com.br\/?page_id=338#breadcrumb"},"inLanguage":"pt-BR","potentialAction":[{"@type":"ReadAction","target":["https:\/\/vivanatureza.com.br\/?page_id=338"]}]},{"@type":"BreadcrumbList","@id":"https:\/\/vivanatureza.com.br\/?page_id=338#breadcrumb","itemListElement":[{"@type":"ListItem","position":1,"name":"In\u00edcio","item":"https:\/\/vivanatureza.com.br\/"},{"@type":"ListItem","position":2,"name":"Farinha de Semente de Ab\u00f3bora"}]},{"@type":"WebSite","@id":"https:\/\/vivanatureza.com.br\/#website","url":"https:\/\/vivanatureza.com.br\/","name":"Viva Natureza Alimentos Naturais","description":"Natureza e sa\u00fade em sua vida!","publisher":{"@id":"https:\/\/vivanatureza.com.br\/#organization"},"potentialAction":[{"@type":"SearchAction","target":{"@type":"EntryPoint","urlTemplate":"https:\/\/vivanatureza.com.br\/?s={search_term_string}"},"query-input":"required name=search_term_string"}],"inLanguage":"pt-BR"},{"@type":"Organization","@id":"https:\/\/vivanatureza.com.br\/#organization","name":"Viva Natureza Alimentos Naturais","url":"https:\/\/vivanatureza.com.br\/","sameAs":[],"logo":{"@type":"ImageObject","inLanguage":"pt-BR","@id":"https:\/\/vivanatureza.com.br\/#\/schema\/logo\/image\/","url":"https:\/\/vivanatureza.com.br\/wp-content\/uploads\/2017\/08\/logo_cab4.png","contentUrl":"https:\/\/vivanatureza.com.br\/wp-content\/uploads\/2017\/08\/logo_cab4.png","width":150,"height":60,"caption":"Viva Natureza Alimentos Naturais"},"image":{"@id":"https:\/\/vivanatureza.com.br\/#\/schema\/logo\/image\/"}}]}},"_links":{"self":[{"href":"https:\/\/vivanatureza.com.br\/index.php?rest_route=\/wp\/v2\/pages\/338"}],"collection":[{"href":"https:\/\/vivanatureza.com.br\/index.php?rest_route=\/wp\/v2\/pages"}],"about":[{"href":"https:\/\/vivanatureza.com.br\/index.php?rest_route=\/wp\/v2\/types\/page"}],"author":[{"embeddable":true,"href":"https:\/\/vivanatureza.com.br\/index.php?rest_route=\/wp\/v2\/users\/1"}],"replies":[{"embeddable":true,"href":"https:\/\/vivanatureza.com.br\/index.php?rest_route=%2Fwp%2Fv2%2Fcomments&post=338"}],"version-history":[{"count":4,"href":"https:\/\/vivanatureza.com.br\/index.php?rest_route=\/wp\/v2\/pages\/338\/revisions"}],"predecessor-version":[{"id":1122,"href":"https:\/\/vivanatureza.com.br\/index.php?rest_route=\/wp\/v2\/pages\/338\/revisions\/1122"}],"wp:attachment":[{"href":"https:\/\/vivanatureza.com.br\/index.php?rest_route=%2Fwp%2Fv2%2Fmedia&parent=338"}],"curies":[{"name":"wp","href":"https:\/\/api.w.org\/{rel}","templated":true}]}}