{"id":21,"date":"2017-08-29T23:51:43","date_gmt":"2017-08-29T23:51:43","guid":{"rendered":"http:\/\/vivanatureza.com.br\/?page_id=21"},"modified":"2017-09-25T21:13:44","modified_gmt":"2017-09-25T21:13:44","slug":"orientacoes-2","status":"publish","type":"page","link":"https:\/\/vivanatureza.com.br\/?page_id=21","title":{"rendered":"Responsabilidade Social"},"content":{"rendered":"<p><a href=\"https:\/\/vivanatureza.com.br\/wp-content\/uploads\/2017\/08\/Frente-do-Centro-de-Cultura.jpg\"><img loading=\"lazy\" class=\"alignnone wp-image-246 size-large\" src=\"https:\/\/vivanatureza.com.br\/wp-content\/uploads\/2017\/08\/Frente-do-Centro-de-Cultura-1024x316.jpg\" alt=\"\" width=\"640\" height=\"198\" srcset=\"https:\/\/vivanatureza.com.br\/wp-content\/uploads\/2017\/08\/Frente-do-Centro-de-Cultura-1024x316.jpg 1024w, https:\/\/vivanatureza.com.br\/wp-content\/uploads\/2017\/08\/Frente-do-Centro-de-Cultura-300x93.jpg 300w, https:\/\/vivanatureza.com.br\/wp-content\/uploads\/2017\/08\/Frente-do-Centro-de-Cultura-768x237.jpg 768w, https:\/\/vivanatureza.com.br\/wp-content\/uploads\/2017\/08\/Frente-do-Centro-de-Cultura.jpg 1936w\" sizes=\"(max-width: 640px) 100vw, 640px\" \/><\/a><\/p>\n<p>A Viva Natureza participa como patrocinadora do Centro de Cultura da Regi\u00e3o da Boa Hora (CCRBH), o qual localiza-se na Estrada Velha Feira &#8211; S\u00e3o Gon\u00e7alo s\/n &#8211; Boa Hora &#8211; S\u00e3o Gon\u00e7alo dos Campos &#8211; BA &#8211; Brasil, ao lado da Escola Francisco Jos\u00e9 da Silva. O CCRBH desenvolve atividades diversas como:<\/p>\n<ul>\n<li>Aula de capoeira<\/li>\n<li>Aula de dan\u00e7a de sal\u00e3o<\/li>\n<li>Aula de viol\u00e3o popular<\/li>\n<li>Torneio de domin\u00f3<\/li>\n<\/ul>\n<div id='gallery-1' class='gallery galleryid-21 gallery-columns-3 gallery-size-thumbnail'><figure class='gallery-item'>\n\t\t\t<div class='gallery-icon landscape'>\n\t\t\t\t<a href='https:\/\/vivanatureza.com.br\/?attachment_id=247'><img width=\"150\" height=\"150\" src=\"https:\/\/vivanatureza.com.br\/wp-content\/uploads\/2017\/08\/Roda-Capoeira1-150x150.jpg\" class=\"attachment-thumbnail size-thumbnail\" alt=\"\" loading=\"lazy\" aria-describedby=\"gallery-1-247\" \/><\/a>\n\t\t\t<\/div>\n\t\t\t\t<figcaption class='wp-caption-text gallery-caption' id='gallery-1-247'>\n\t\t\t\tRoda de Capoeira\n\t\t\t\t<\/figcaption><\/figure><figure class='gallery-item'>\n\t\t\t<div class='gallery-icon landscape'>\n\t\t\t\t<a href='https:\/\/vivanatureza.com.br\/?attachment_id=248'><img width=\"150\" height=\"150\" src=\"https:\/\/vivanatureza.com.br\/wp-content\/uploads\/2017\/08\/Roda-de-Capoeira2-150x150.jpg\" class=\"attachment-thumbnail size-thumbnail\" alt=\"\" loading=\"lazy\" aria-describedby=\"gallery-1-248\" \/><\/a>\n\t\t\t<\/div>\n\t\t\t\t<figcaption class='wp-caption-text gallery-caption' id='gallery-1-248'>\n\t\t\t\tRoda de Capoeira\n\t\t\t\t<\/figcaption><\/figure><figure class='gallery-item'>\n\t\t\t<div class='gallery-icon portrait'>\n\t\t\t\t<a href='https:\/\/vivanatureza.com.br\/?attachment_id=249'><img width=\"150\" height=\"150\" src=\"https:\/\/vivanatureza.com.br\/wp-content\/uploads\/2017\/08\/Screenshot_2015-09-01-16-33-26-150x150.png\" class=\"attachment-thumbnail size-thumbnail\" alt=\"\" loading=\"lazy\" aria-describedby=\"gallery-1-249\" \/><\/a>\n\t\t\t<\/div>\n\t\t\t\t<figcaption class='wp-caption-text gallery-caption' id='gallery-1-249'>\n\t\t\t\tPercuss\u00e3o\n\t\t\t\t<\/figcaption><\/figure><figure class='gallery-item'>\n\t\t\t<div class='gallery-icon portrait'>\n\t\t\t\t<a href='https:\/\/vivanatureza.com.br\/?attachment_id=250'><img width=\"150\" height=\"150\" src=\"https:\/\/vivanatureza.com.br\/wp-content\/uploads\/2017\/08\/Screenshot_2015-09-01-16-38-48-150x150.png\" class=\"attachment-thumbnail size-thumbnail\" alt=\"\" loading=\"lazy\" aria-describedby=\"gallery-1-250\" \/><\/a>\n\t\t\t<\/div>\n\t\t\t\t<figcaption class='wp-caption-text gallery-caption' id='gallery-1-250'>\n\t\t\t\tPercuss\u00e3o\n\t\t\t\t<\/figcaption><\/figure>\n\t\t<\/div>\n\n<hr \/>\n<p>V\u00cdDEOS<\/p>\n<p><iframe loading=\"lazy\" src=\"https:\/\/www.youtube.com\/embed\/dEHgdPaabYI\" width=\"560\" height=\"315\" frameborder=\"0\" allowfullscreen=\"allowfullscreen\"><\/iframe><\/p>\n<figure id=\"attachment_778\" aria-describedby=\"caption-attachment-778\" style=\"width: 150px\" class=\"wp-caption alignright\"><a href=\"https:\/\/vivanatureza.com.br\/wp-content\/uploads\/2017\/08\/Torneio-de-Domin\u00f3.jpg\"><img loading=\"lazy\" class=\"size-thumbnail wp-image-778\" src=\"https:\/\/vivanatureza.com.br\/wp-content\/uploads\/2017\/08\/Torneio-de-Domin\u00f3-150x150.jpg\" alt=\"\" width=\"150\" height=\"150\" \/><\/a><figcaption id=\"caption-attachment-778\" class=\"wp-caption-text\">Torneio de Domin\u00f3<\/figcaption><\/figure>\n","protected":false},"excerpt":{"rendered":"<p>A Viva Natureza participa como patrocinadora do Centro de Cultura da Regi\u00e3o da Boa Hora (CCRBH), o qual localiza-se na Estrada Velha Feira &#8211; S\u00e3o Gon\u00e7alo s\/n &#8211; Boa Hora &#8211; S\u00e3o Gon\u00e7alo dos Campos &#8211; BA &#8211; Brasil, ao [&hellip;]<\/p>\n","protected":false},"author":1,"featured_media":0,"parent":0,"menu_order":0,"comment_status":"closed","ping_status":"closed","template":"","meta":[],"yoast_head":"<!-- This site is optimized with the Yoast SEO plugin v19.6.1 - https:\/\/yoast.com\/wordpress\/plugins\/seo\/ -->\n<title>Responsabilidade Social - Viva Natureza Alimentos Naturais<\/title>\n<meta name=\"robots\" content=\"index, follow, max-snippet:-1, max-image-preview:large, max-video-preview:-1\" \/>\n<link rel=\"canonical\" href=\"https:\/\/vivanatureza.com.br\/?page_id=21\" \/>\n<meta property=\"og:locale\" content=\"pt_BR\" \/>\n<meta property=\"og:type\" content=\"article\" \/>\n<meta property=\"og:title\" content=\"Responsabilidade Social - Viva Natureza Alimentos Naturais\" \/>\n<meta property=\"og:description\" content=\"A Viva Natureza participa como patrocinadora do Centro de Cultura da Regi\u00e3o da Boa Hora (CCRBH), o qual localiza-se na Estrada Velha Feira &#8211; S\u00e3o Gon\u00e7alo s\/n &#8211; Boa Hora &#8211; S\u00e3o Gon\u00e7alo dos Campos &#8211; BA &#8211; Brasil, ao [&hellip;]\" \/>\n<meta property=\"og:url\" content=\"https:\/\/vivanatureza.com.br\/?page_id=21\" \/>\n<meta property=\"og:site_name\" content=\"Viva Natureza Alimentos Naturais\" \/>\n<meta property=\"article:modified_time\" content=\"2017-09-25T21:13:44+00:00\" \/>\n<meta property=\"og:image\" content=\"https:\/\/vivanatureza.com.br\/wp-content\/uploads\/2017\/08\/Roda-Capoeira1-150x150.jpg\" \/>\n<meta name=\"twitter:card\" content=\"summary_large_image\" \/>\n<script type=\"application\/ld+json\" class=\"yoast-schema-graph\">{\"@context\":\"https:\/\/schema.org\",\"@graph\":[{\"@type\":\"WebPage\",\"@id\":\"https:\/\/vivanatureza.com.br\/?page_id=21\",\"url\":\"https:\/\/vivanatureza.com.br\/?page_id=21\",\"name\":\"Responsabilidade Social - Viva Natureza Alimentos Naturais\",\"isPartOf\":{\"@id\":\"https:\/\/vivanatureza.com.br\/#website\"},\"datePublished\":\"2017-08-29T23:51:43+00:00\",\"dateModified\":\"2017-09-25T21:13:44+00:00\",\"breadcrumb\":{\"@id\":\"https:\/\/vivanatureza.com.br\/?page_id=21#breadcrumb\"},\"inLanguage\":\"pt-BR\",\"potentialAction\":[{\"@type\":\"ReadAction\",\"target\":[\"https:\/\/vivanatureza.com.br\/?page_id=21\"]}]},{\"@type\":\"BreadcrumbList\",\"@id\":\"https:\/\/vivanatureza.com.br\/?page_id=21#breadcrumb\",\"itemListElement\":[{\"@type\":\"ListItem\",\"position\":1,\"name\":\"In\u00edcio\",\"item\":\"https:\/\/vivanatureza.com.br\/\"},{\"@type\":\"ListItem\",\"position\":2,\"name\":\"Responsabilidade Social\"}]},{\"@type\":\"WebSite\",\"@id\":\"https:\/\/vivanatureza.com.br\/#website\",\"url\":\"https:\/\/vivanatureza.com.br\/\",\"name\":\"Viva Natureza Alimentos Naturais\",\"description\":\"Natureza e sa\u00fade em sua vida!\",\"publisher\":{\"@id\":\"https:\/\/vivanatureza.com.br\/#organization\"},\"potentialAction\":[{\"@type\":\"SearchAction\",\"target\":{\"@type\":\"EntryPoint\",\"urlTemplate\":\"https:\/\/vivanatureza.com.br\/?s={search_term_string}\"},\"query-input\":\"required name=search_term_string\"}],\"inLanguage\":\"pt-BR\"},{\"@type\":\"Organization\",\"@id\":\"https:\/\/vivanatureza.com.br\/#organization\",\"name\":\"Viva Natureza Alimentos Naturais\",\"url\":\"https:\/\/vivanatureza.com.br\/\",\"sameAs\":[],\"logo\":{\"@type\":\"ImageObject\",\"inLanguage\":\"pt-BR\",\"@id\":\"https:\/\/vivanatureza.com.br\/#\/schema\/logo\/image\/\",\"url\":\"https:\/\/vivanatureza.com.br\/wp-content\/uploads\/2017\/08\/logo_cab4.png\",\"contentUrl\":\"https:\/\/vivanatureza.com.br\/wp-content\/uploads\/2017\/08\/logo_cab4.png\",\"width\":150,\"height\":60,\"caption\":\"Viva Natureza Alimentos Naturais\"},\"image\":{\"@id\":\"https:\/\/vivanatureza.com.br\/#\/schema\/logo\/image\/\"}}]}<\/script>\n<!-- \/ Yoast SEO plugin. -->","yoast_head_json":{"title":"Responsabilidade Social - Viva Natureza Alimentos Naturais","robots":{"index":"index","follow":"follow","max-snippet":"max-snippet:-1","max-image-preview":"max-image-preview:large","max-video-preview":"max-video-preview:-1"},"canonical":"https:\/\/vivanatureza.com.br\/?page_id=21","og_locale":"pt_BR","og_type":"article","og_title":"Responsabilidade Social - Viva Natureza Alimentos Naturais","og_description":"A Viva Natureza participa como patrocinadora do Centro de Cultura da Regi\u00e3o da Boa Hora (CCRBH), o qual localiza-se na Estrada Velha Feira &#8211; S\u00e3o Gon\u00e7alo s\/n &#8211; Boa Hora &#8211; S\u00e3o Gon\u00e7alo dos Campos &#8211; BA &#8211; Brasil, ao [&hellip;]","og_url":"https:\/\/vivanatureza.com.br\/?page_id=21","og_site_name":"Viva Natureza Alimentos Naturais","article_modified_time":"2017-09-25T21:13:44+00:00","og_image":[{"url":"https:\/\/vivanatureza.com.br\/wp-content\/uploads\/2017\/08\/Roda-Capoeira1-150x150.jpg"}],"twitter_card":"summary_large_image","schema":{"@context":"https:\/\/schema.org","@graph":[{"@type":"WebPage","@id":"https:\/\/vivanatureza.com.br\/?page_id=21","url":"https:\/\/vivanatureza.com.br\/?page_id=21","name":"Responsabilidade Social - Viva Natureza Alimentos Naturais","isPartOf":{"@id":"https:\/\/vivanatureza.com.br\/#website"},"datePublished":"2017-08-29T23:51:43+00:00","dateModified":"2017-09-25T21:13:44+00:00","breadcrumb":{"@id":"https:\/\/vivanatureza.com.br\/?page_id=21#breadcrumb"},"inLanguage":"pt-BR","potentialAction":[{"@type":"ReadAction","target":["https:\/\/vivanatureza.com.br\/?page_id=21"]}]},{"@type":"BreadcrumbList","@id":"https:\/\/vivanatureza.com.br\/?page_id=21#breadcrumb","itemListElement":[{"@type":"ListItem","position":1,"name":"In\u00edcio","item":"https:\/\/vivanatureza.com.br\/"},{"@type":"ListItem","position":2,"name":"Responsabilidade Social"}]},{"@type":"WebSite","@id":"https:\/\/vivanatureza.com.br\/#website","url":"https:\/\/vivanatureza.com.br\/","name":"Viva Natureza Alimentos Naturais","description":"Natureza e sa\u00fade em sua vida!","publisher":{"@id":"https:\/\/vivanatureza.com.br\/#organization"},"potentialAction":[{"@type":"SearchAction","target":{"@type":"EntryPoint","urlTemplate":"https:\/\/vivanatureza.com.br\/?s={search_term_string}"},"query-input":"required name=search_term_string"}],"inLanguage":"pt-BR"},{"@type":"Organization","@id":"https:\/\/vivanatureza.com.br\/#organization","name":"Viva Natureza Alimentos Naturais","url":"https:\/\/vivanatureza.com.br\/","sameAs":[],"logo":{"@type":"ImageObject","inLanguage":"pt-BR","@id":"https:\/\/vivanatureza.com.br\/#\/schema\/logo\/image\/","url":"https:\/\/vivanatureza.com.br\/wp-content\/uploads\/2017\/08\/logo_cab4.png","contentUrl":"https:\/\/vivanatureza.com.br\/wp-content\/uploads\/2017\/08\/logo_cab4.png","width":150,"height":60,"caption":"Viva Natureza Alimentos Naturais"},"image":{"@id":"https:\/\/vivanatureza.com.br\/#\/schema\/logo\/image\/"}}]}},"_links":{"self":[{"href":"https:\/\/vivanatureza.com.br\/index.php?rest_route=\/wp\/v2\/pages\/21"}],"collection":[{"href":"https:\/\/vivanatureza.com.br\/index.php?rest_route=\/wp\/v2\/pages"}],"about":[{"href":"https:\/\/vivanatureza.com.br\/index.php?rest_route=\/wp\/v2\/types\/page"}],"author":[{"embeddable":true,"href":"https:\/\/vivanatureza.com.br\/index.php?rest_route=\/wp\/v2\/users\/1"}],"replies":[{"embeddable":true,"href":"https:\/\/vivanatureza.com.br\/index.php?rest_route=%2Fwp%2Fv2%2Fcomments&post=21"}],"version-history":[{"count":12,"href":"https:\/\/vivanatureza.com.br\/index.php?rest_route=\/wp\/v2\/pages\/21\/revisions"}],"predecessor-version":[{"id":779,"href":"https:\/\/vivanatureza.com.br\/index.php?rest_route=\/wp\/v2\/pages\/21\/revisions\/779"}],"wp:attachment":[{"href":"https:\/\/vivanatureza.com.br\/index.php?rest_route=%2Fwp%2Fv2%2Fmedia&parent=21"}],"curies":[{"name":"wp","href":"https:\/\/api.w.org\/{rel}","templated":true}]}}